+ (-4)/t. What is the greatest common factor of a and 10?
10
Suppose 0*x + 10 = -5*x. Let q = 15 - x. Let l = 523 + -336. Calculate the greatest common divisor of l and q.
17
Let k be 3/(-7) - (-555)/21. Suppose 3*o + 10*y = 5*y + 47, -k = -2*o - 2*y. What is the highest common factor of 36 and o?
9
Let j be -3*2/(6/(-7)). Calculate the greatest common factor of j and 21.
7
Let n = -5 - -7. Suppose -u + 33 = n*u. Let v be (u - 2)/((-2)/(-2)). Calculate the greatest common divisor of 9 and v.
9
Let t be (3/(-6))/(1/(-10)). Suppose -3*c = -m + 21, -6*m = -m + t*c - 125. What is the highest common divisor of 60 and m?
12
Let k be (-982)/(-10) + (-2)/10. Let q(f) = -8*f + 4*f**2 - 4*f**2 - 3*f**2 + 4 + f**3. Let c be q(5). What is the highest common factor of c and k?
14
Let k(s) = -s**2 + 13*s + 17. Let n be k(14). Suppose -n*f - 10 = -g - 3, -5*g + 45 = -5*f. Calculate the greatest common factor of g and 10.
10
Let b be (-9)/6 + 154/(-4). Let t = 73 + b. Calculate the greatest common divisor of 11 and t.
11
Let k(h) = 76*h - 11. Let z be k(3). What is the greatest common divisor of 31 and z?
31
Let t(x) = 2*x**3 - 17*x**2 - 5*x - 12. Let w be t(9). Let l = 577 + -313. Calculate the greatest common factor of w and l.
24
Let n(y) = y**2 + 7*y - 11. Let p be n(-9). Suppose k - 28 = 5*q + 3, -97 = -2*k + 3*q. What is the greatest common factor of p and k?
7
Let f(s) = -s**2 - 13*s - 1. Let v be f(-8). Let t = v - 23. What is the highest common factor of t and 40?
8
Suppose 20 = 3*y + 5*q, 3 = y - 0*q - 2*q. What is the greatest common factor of y and 40?
5
Suppose -2*r + 2 + 48 = 0. Suppose 0 = d - 6*d + r, -4*q + 2*d + 2 = 0. What is the highest common factor of q and 21?
3
Let j(u) = u**3 - 3*u**2 + 8*u + 6. Let t be j(6). Let x = 20 + t. Suppose -o - x = -3*o. Calculate the greatest common divisor of 13 and o.
13
Let o(m) = -4*m - 24. Let b be o(-15). What is the greatest common divisor of b and 24?
12
Suppose -3*b + 31 = 4*g, 2*g = 5*b + g - 44. Let v be 3 + -5 - (b + 0). Let x = -2 - v. What is the highest common divisor of x and 27?
9
Let x be 5*((-84)/(-10) + 0). Suppose -4*p + 6 = -x. What is the greatest common factor of p and 4?
4
Let o(b) = 6*b - 6. Let s be o(5). Let z be 1 - (-8)/(-2) - -6. Calculate the highest common divisor of s and z.
3
Suppose -7 = -3*u + 4*k + 9, u - 5*k = -13. Calculate the greatest common divisor of u and 15.
3
Suppose 0 = 7*l - 6*l - 49. Calculate the greatest common factor of 7 and l.
7
Suppose -5*z = 5*z - 240. What is the greatest common factor of z and 8?
8
Suppose -x = b - 1 - 6, -5*b + 2*x = -70. What is the highest common divisor of 12 and b?
12
Let m(c) = -c**3 - 3*c**2 - 4*c. Let j be m(-4). Let s be ((-14)/4)/((-2)/j). Calculate the highest common factor of s and 7.
7
Suppose 5*l - 312 = 2*l. Suppose 5*t = -5 - 0. Let p = 12 - t. Calculate the greatest common divisor of p and l.
13
Let i be 2 + 5/(15/(-6)). Let y(u) = u + 34. Let p be y(i). Suppose 3*f - 106 = -p. What is the greatest common divisor of 16 and f?
8
Let z = 4 + -2. Let c be -23 - ((-4 - -2) + z). Let d = -5 - c. What is the greatest common divisor of d and 12?
6
Let i = -3 + 5. Let z be 38/(-8) + i/(-8). Let o be (-156)/(-10) + (-2)/z. Calculate the highest common factor of o and 64.
16
Let j(k) = k**3 + 9*k**2 - k + 3. Let n be j(-5). What is the greatest common factor of 12 and n?
12
Let q = -9 - -19. Calculate the highest common factor of q and 25.
5
Let s be 90/45 - -4*(1 - -1). Calculate the greatest common factor of s and 110.
10
Let b(p) = p - 1. Let v be b(3). Suppose v*f + 3 = 5*f. Calculate the highest common divisor of f and 4.
1
Let h be (13 + -3)/(-1) - -3. Let v = h + 10. Calculate the highest common divisor of 6 and v.
3
Let u(q) = 4*q**2 + 10*q. Let j be u(-4). Suppose -4*l - 17 = 43. Let c be (-2)/10 - 93/l. Calculate the greatest common divisor of j and c.
6
Suppose 5*x + 41 = w - 2*w, 5*x - 4*w = -61. Let z = 16 + x. Calculate the greatest common factor of 77 and z.
7
Let l = 7 + -7. Let z(a) = l*a + 7 - 5*a + a + 8*a**2. Let s be z(5). Calculate the greatest common divisor of s and 17.
17
Let x(a) = 13*a**2 - 6*a**3 + 10*a**3 - 5*a**3 - 9 - 5*a. Let w be x(9). What is the greatest common divisor of 27 and w?
27
Let t = -2 + 8. What is the highest common divisor of 48 and t?
6
Let j(b) = -b**2 + b. Let v(y) = -y**3 - 2*y**2 + 12*y - 1. Let i(c) = -6*j(c) + v(c). Let k be i(5). Calculate the greatest common factor of k and 4.
4
Suppose -2*w = 6 - 2. Let f be 1/3 - w/3. Let o be (-16)/(-2) - (-2 + f). What is the highest common divisor of 9 and o?
9
Suppose -3*g = i - 115, -3*i - 2 = 13. Calculate the greatest common divisor of g and 8.
8
Suppose w + 15 + 9 = 0. Let x be ((-3)/4)/(2/w). Let y = 18 - x. Calculate the greatest common divisor of y and 99.
9
Let v(p) = 69*p**2 + 1. Let t be v(-1). Suppose -h = -6 - 4. What is the highest common divisor of t and h?
10
Let m(t) = 2*t**2 - 4*t + 4. Suppose 5*q + 4*z = 45, -2*q - 30 = -5*q - 3*z. Let o be m(q). Calculate the greatest common divisor of 51 and o.
17
Suppose -z + 2 = -2*z. Let y(d) = -65*d + 2. Let q be y(z). Suppose 78 = 2*k + 2*v - 7*v, 0 = -4*k - 2*v + q. Calculate the greatest common factor of 85 and k.
17
Suppose -5*v = -0*v + 35. Let l be (-235)/(-3) - v/(-21). Let q be (5/(-3))/((-1)/l). Calculate the highest common divisor of 13 and q.
13
Let k be (-3 + -1)*(-10)/(-4). Let v = 4 + k. Let w be (10/v)/((-2)/18). What is the highest common divisor of 165 and w?
15
Suppose -3*n = -n - 20. Let r(h) = 2 - 3*h - 8*h + 2 + 0*h. Let i be r(-6). What is the greatest common divisor of i and n?
10
Suppose -4*m - 5*g = 8, -8*g = 3*m - 4*g + 7. Suppose f = -2*f - 6. Let j be f - 42/(1 - 4). What is the highest common divisor of j and m?
3
Suppose -j - 4 = -3*j. Suppose j*l - 18 = 4. Calculate the greatest common factor of 33 and l.
11
Let v(f) = -2*f**3 + f**2 + 3*f. Let q be v(4). Let u be 1*(-3)/(-6)*10. Let y be 3/(2 - u) - q. Calculate the highest common factor of y and 11.
11
Let i = 18 + -14. Calculate the highest common divisor of i and 32.
4
Let f be (-46)/6*(0 - 3). What is the greatest common divisor of 23 and f?
23
Let h(b) = -2 - b + 1 + 17 - 1. Let f be h(0). Calculate the highest common divisor of f and 45.
15
Let p = -80 + 206. Let q be (1 - 2)/(2 - 116/56). Calculate the greatest common divisor of q and p.
14
Let p(v) = -v**2 + 2*v + 4. Let m be p(5). Let h = 23 + m. Suppose 0 = w - 5*w + 144. What is the greatest common divisor of h and w?
12
Let t(s) = s**2 - 9*s + 4. Let i be t(11). Suppose -i + 5 = -3*p. What is the greatest common divisor of 56 and p?
7
Let c = 283 - -68. What is the highest common factor of 13 and c?
13
Let y = 7 - -11. Suppose 4*p + 8*w = 3*w, 0 = -3*p - w. Suppose j - 6 = -p*j. What is the highest common divisor of y and j?
6
Let n(q) be the third derivative of 1/15*q**5 - 3*q**2 - 1/3*q**3 + 5/24*q**4 + 0*q + 0. Let k be n(-4). Calculate the highest common divisor of k and 105.
21
Suppose 5 - 17 = -4*u. Suppose 0 = 3*j - 3 - 6. Let n be 2 - u/j - -69. Calculate the highest common factor of n and 10.
10
Let f(d) = d**3 - 12*d**2 - 10*d - 19. Let a be f(13). What is the greatest common factor of a and 30?
10
Let o(s) = 4*s - 42. Let n be o(13). Calculate the greatest common factor of n and 50.
10
Suppose -4*u + 4*n + 11 = -1, 5*n - 55 = -5*u. Let q(g) = u + 2 + 3*g - 3 - 2. Let w be q(4). What is the greatest common divisor of w and 2?
2
Let w be 12/(-18)*1191/(-2). Suppose 4*s = -s + v + w, 0 = -2*v + 6. Suppose -4*a = -s - 80. What is the highest common divisor of 5 and a?
5
Let c(x) = 3*x**3 - x**2 - x. Let p be c(2). Calculate the greatest common factor of p and 2.
2
Suppose -2*n - 4 = 0, -2*n + 187 = 2*d - 139. Calculate the greatest common divisor of 66 and d.
33
Let k be 14/(-35) + (-17)/(-5). Let p = 2 + k. Suppose -4*v = -4, 0*c - p*v = -c + 52. What is the highest common factor of 19 and c?
19
Let t(m) = -35*m - 12. Let v be t(-4). What is the greatest common divisor of 16 and v?
16
Suppose -2*n - u - 21 = 0, u = -n - 0*n - 10. Let w = -10 - n. What is the highest common factor of 5 and w?
1
Let o(c) = c**2 - 6*c + 3. Let k be o(6). Suppose -4*i + 84 = 4*j, j - k = i - 30. What is the highest common factor of i and 